02003232 (base 4) to base 12
718a66
What is 10011010000101111 (base 2) in base 10?
78895
Convert 2332232312 (base 5) to base 8.
24325417
What is 146154 (base 9) in base 16?
15ec5
What is -3060033 (base 9) in base 10?
-1633719
Convert -110100011110100001101 (base 2) to base 9.
-3210717
What is 1392a88 (base 13) in base 4?
113222220131
-23a8a38 (base 14) to base 6
-1410033054
Convert -103330311 (base 4) to base 2.
-10011111100110101
Convert -110001011011100101000011 (base 2) to base 12.
-440aa2b
What is 31322311 (base 5) in base 11?
169073
383b6a (base 15) to base 16
292291
-2032055 (base 6) to base 9
-157868
-108464 (base 9) to base 10
-65263
Convert 2503355 (base 6) to base 15.
29608
Convert 1049a3 (base 16) to base 9.
2006210
Convert -17b028 (base 12) to base 8.
-1446540
-419922 (base 11) to base 2
-10100100000011000001
What is 111101111010001100 (base 2) in base 7?
2104205
Convert -1a09c58 (base 14) to base 2.
-110001010101111011110110
-157473 (base 11) to base 12
-b9349
Convert 210110121202 (base 3) to base 9.
713552
What is 1990027 (base 10) in base 6?
110353031
798075 (base 10) to base 3
1111112202100
What is -1100000111001011011 (base 2) in base 5?
-100200031
What is 45877 (base 14) in base 8?
512141
Convert 1001010111010001101101 (base 2) to base 7.
26602243
1f029 (base 16) to base 2
11111000000101001
Convert -8412 (base 13) to base 15.
-562c
511246 (base 9) to base 12
127243
Convert 1000100101111101000110 (base 2) to base 13.
60b410
Convert bd2b2d (base 15) to base 6.
521201354
What is -29a0b (base 14) in base 11?
-70840
-1014013223 (base 5) to base 9
-3842480
What is -121102201120 (base 3) in base 7?
-2515035
Convert -741c0b (base 16) to base 10.
-7609355
Convert 7642 (base 10) to base 4.
1313122
-12206102 (base 7) to base 16
-10b3a4
Convert 882975 (base 10) to base 16.
d791f
-149670 (base 13) to base 3
-221201200010
What is 4233546 (base 8) in base 12?
464b46
What is -430132 (base 9) in base 5?
-31142424
179ab7 (base 14) to base 9
1510370
What is -444627 (base 9) in base 4?
-1000322023
-113652 (base 13) to base 9
-681016
What is 134032642 (base 7) in base 4?
201033133333
104848a (base 13) to base 14
931523
-4a4496 (base 11) to base 15
-10b01c
Convert -31027 (base 10) to base 11.
-21347
-33800 (base 10) to base 11
-23438
1587036 (base 9) to base 2
11010111111001010110
Convert -475863 (base 9) to base 12.
-119949
Convert 3780427 (base 9) to base 15.
2aa7bd
Convert -126c0 (base 16) to base 13.
-28464
Convert 40213210 (base 5) to base 4.
1032010331
What is b5838 (base 12) in base 16?
3a16c
What is -110101110000110110 (base 2) in base 16?
-35c36
3415687 (base 9) to base 4
13001202022
What is -27483a3 (base 11) in base 16?
-485447
12e222 (base 15) to base 3
1201011000212
What is -11b2b (base 13) in base 5?
-2021104
-31467 (base 13) to base 10
-88641
-20310003 (base 4) to base 8
-106403
4320313 (base 5) to base 14
1c972
Convert 1001010101010101010010 (base 2) to base 16.
255552
161747 (base 14) to base 15
103d4e
Convert -55450 (base 10) to base 6.
-1104414
Convert -46ad5 (base 14) to base 16.
-2a0f3
Convert 12450135 (base 6) to base 4.
1210110023
Convert 39fef (base 16) to base 6.
5031435
Convert -127369 (base 11) to base 14.
-52cc0
860077 (base 12) to base 16
20465b
-2283045 (base 10) to base 16
-22d625
316547 (base 8) to base 7
620355
b7b1c (base 13) to base 14
88adc
-250a9 (base 14) to base 3
-11121102022
What is 43f3b3 (base 16) in base 10?
4453299
-380109 (base 10) to base 15
-77959
Convert 244310213 (base 5) to base 11.
7272a0
What is 3a116 (base 11) in base 14?
16c9d
-14056c (base 16) to base 2
-101000000010101101100
What is 74b38 (base 13) in base 15?
42616
-114142 (base 7) to base 15
-61c4
Convert -24705 (base 13) to base 4.
-100120122
What is 1022321300 (base 4) in base 10?
306800
What is -b64a (base 16) in base 4?
-23121022
What is -10320233 (base 5) in base 13?
-31572
Convert 43633 (base 9) to base 13.
10239
172d25 (base 14) to base 11
5071a2
-3a90c2 (base 14) to base 7
-23122332
Convert -1001011100001100010001001 (base 2) to base 3.
-1101020211221221
-272a70 (base 14) to base 5
-321231411
-106290 (base 11) to base 3
-22121100021
324431043 (base 5) to base 3
2122101111112
What is 402216 (base 9) in base 13?
84339
What is 16d5e (base 15) in base 9?
122318
What is -38b78b (base 12) in base 3?
-1202101011022
What is -10b76 (base 14) in base 13?
-1568c
What is 13140041 (base 5) in base 13?
47609
1035e (base 15) to base 2
1100100010111101
What is -5326533 (base 7) in base 10?
-645795
551046 (base 8) to base 10
184870
What is 156cc (base 16) in base 15?
1b006
Convert 305528 (base 12) to base 14.
159680
a9802 (base 11) to base 3
22002121012
Convert -122124 (base 9) to base 4.
-102000010
Convert 8c27d5 (base 16) to base 13.
1b97a69
-1776b (base 14) to base 9
-100046
What is -223231233 (base 4) in base 12?
-87753
Convert -53550354 (base 6) to base 16.
-182ffe
-97478 (base 10) to base 6
-2031142
1001112002010 (base 3) to base 10
561387
Convert 3830 (base 9) to base 4.
230232
-1010010010010000 (base 2) to base 11
-29719
What is -3b63a (base 12) in base 11?
-56780
What is -27651 (base 10) in base 8?
-66003
What is 6cb63 (base 14) in base 7?
2154353
What is -49409 (base 11) in base 2?
-10001010101111100
What is -2412443300 (base 5) in base 12?
-1a59033
22012220102221 (base 3) to base 4
100222112101
Convert 515606 (base 8) to base 5.
20432021
Convert -318449 (base 13) to base 8.
-4333061
Convert -1251525 (base 9) to base 8.
-2466755
Convert -101000010110111111011 (base 2) to base 8.
-5026773
Convert -220304404 (base 5) to base 10.
-947479
59a8b (base 13) to base 8
501037
What is 101111101010100101100001 (base 2) in base 6?
1123452053
-100101001000101001001 (base 2) to base 16
-129149
What is 8b994 (base 15) in base 16?
6c781
5126507 (base 10) to base 15
6b3e72
256085 (base 9) to base 10
155354
3851266 (base 10) to base 5
1441220031
Convert -44937 (base 12) to base 6.
-1542111
Convert -75054 (base 8) to base 3.
-1120220101
d4706b (base 14) to base 8
33251407
26050654 (base 9) to base 13
2859826
-1049a (base 16) to base 10
-66714
Convert -1221211101112 (base 3) to base 4.
-3331313132
-c1321 (base 13) to base 16
-54577
Convert 34bab (base 15) to base 6.
3333455
What is -10110121201 (base 3) in base 9?
-113551
100011011000110100100 (base 2) to base 12
47b084
What is 18ab238 (base 13) in base 14?
11107bd
What is 1033033 (base 4) in base 16?
13cf
What is -801007 (base 9) in base 5?
-110120003
954192 (base 14) to base 10
5043796
What is 32a374 (base 14) in base 13?
482233
Convert 11242232 (base 5) to base 9.
166031
-12747560 (base 8) to base 3
-12101212110222
What is -121111022220000 (base 3) in base 11?
-4a4764a
What is -5521475 (base 10) in base 12?
-1a2336b
25d58 (base 15) to base 8
354455
Convert -6c1a (base 16) to base 7.
-143453
Convert 2304110343 (base 5) to base 2.
10011100111111110011001
-207458 (base 10) to base 2
-110010101001100010
2a31c (base 14) to base 6
2125330
Convert -1370a (base 16) to base 9.
-131203
What is -73a5a (base 12) in base 6?
-3130554
-54461 (base 11) to base 7
-446361
-3111210320 (base 4) to base 6
-30430012
Convert -12ba908 (base 13) to base 10.
-5907065
What is -120020100220002 (base 3) in base 5?
-4033100144
What is 202020033 (base 4) in base 6?
2555103
What is -8ac5c7 (base 15) in base 7?
-110203135
Convert -ab4018 (base 13) to base 4.
-33121111012
What is 11334134 (base 6) in base 16?
569aa
Convert 3123313312 (base 4) to base 16.
dbdf6
What is -1233312131 (base 4) in base 7?
-3615455
Convert -7234bb (base 14) to base 12.
-1358565
-5020015 (base 6) to base 16
-3996b
What is c8d0 (base 14) in base 10?
34678
-7384a5 (base 11) to base 4
-10200230333
Convert -50b25 (base 15) to base 4.
-332122103
Convert -1443333 (base 6) to base 4.
-110130021
What is 23787b (base 12) in base 14?
10cc7d
23021233212 (base 4) to base 9
5445246
2647536 (base 11) to base 3
22121120202211
Convert -1122003243 (base 5) to base 10.
-2531698
-205113 (base 7) to base 11
-24651
Convert -31104244 (base 5) to base 7.
-2104435
-20011000001 (base 3) to base 8
-354267
What is -636675 (base 8) in base 10?
-212413
224045 (base 10) to base 16
36b2d
What is 162520 (base 9) in base 8?
303710
541b85 (base 14) to base 6
141012133
Convert -3763 (base 14)